{"id":20,"date":"2016-03-11T09:21:25","date_gmt":"2016-03-11T08:21:25","guid":{"rendered":"http:\/\/hypnose-conscience.ch\/blog\/?page_id=20"},"modified":"2026-03-24T11:19:22","modified_gmt":"2026-03-24T10:19:22","slug":"a-propos-de-ce-blog","status":"publish","type":"page","link":"https:\/\/hypnose-conscience.ch\/blog\/a-propos-de-ce-blog\/","title":{"rendered":"A propos de ce blog"},"content":{"rendered":"<div class=\"fcbkbttn_buttons_block\" id=\"fcbkbttn_left\"><div class=\"fcbkbttn_button\">\n\t\t\t\t\t<a href=\"https:\/\/www.facebook.com\/\" target=\"_blank\">\n\t\t\t\t\t\t<img decoding=\"async\" src=\"https:\/\/hypnose-conscience.ch\/blog\/wp-content\/plugins\/facebook-button-plugin\/images\/standard-facebook-ico.png\" alt=\"Fb-Button\" \/>\n\t\t\t\t\t<\/a>\n\t\t\t\t<\/div><div class=\"fcbkbttn_like \"><fb:like href=\"https:\/\/hypnose-conscience.ch\/blog\/a-propos-de-ce-blog\/\" action=\"like\" colorscheme=\"light\" layout=\"standard\"  width=\"225px\" size=\"small\"><\/fb:like><\/div><\/div>\t\t<div data-elementor-type=\"wp-page\" data-elementor-id=\"20\" class=\"elementor elementor-20\" data-elementor-post-type=\"page\">\n\t\t\t\t\t\t<section class=\"elementor-section elementor-top-section elementor-element elementor-element-2534a8e elementor-section-boxed elementor-section-height-default elementor-section-height-default\" data-id=\"2534a8e\" data-element_type=\"section\" data-e-type=\"section\">\n\t\t\t\t\t\t<div class=\"elementor-container elementor-column-gap-default\">\n\t\t\t\t\t<div class=\"elementor-column elementor-col-100 elementor-top-column elementor-element elementor-element-5be442b0\" data-id=\"5be442b0\" data-element_type=\"column\" data-e-type=\"column\">\n\t\t\t<div class=\"elementor-widget-wrap elementor-element-populated\">\n\t\t\t\t\t\t<div class=\"elementor-element elementor-element-7b2acab elementor-widget elementor-widget-heading\" data-id=\"7b2acab\" data-element_type=\"widget\" data-e-type=\"widget\" data-widget_type=\"heading.default\">\n\t\t\t\t<div class=\"elementor-widget-container\">\n\t\t\t\t\t<h1 class=\"elementor-heading-title elementor-size-default\">Entre Neurosciences et Spiritualit\u00e9 en Valais : Lib\u00e9rez vos blocages et r\u00e9v\u00e9lez votre valeur<\/h1>\t\t\t\t<\/div>\n\t\t\t\t<\/div>\n\t\t\t\t<div class=\"elementor-element elementor-element-9959ea1 elementor-widget elementor-widget-text-editor\" data-id=\"9959ea1\" data-element_type=\"widget\" data-e-type=\"widget\" data-widget_type=\"text-editor.default\">\n\t\t\t\t<div class=\"elementor-widget-container\">\n\t\t\t\t\t\t\t\t\t<blockquote data-path-to-node=\"4\"><p data-path-to-node=\"4,0\">Ce blog explore l&rsquo;union entre les neurosciences et la spiritualit\u00e9 pour mettre en lumi\u00e8re la source de vos blocages (insomnie, manque de confiance, d\u00e9valorisation). D\u00e9couvrez comment l&rsquo;<b data-path-to-node=\"4,0\" data-index-in-node=\"195\">hypnose<\/b>, la <b data-path-to-node=\"4,0\" data-index-in-node=\"207\">sophrologie<\/b> et la <b data-path-to-node=\"4,0\" data-index-in-node=\"225\">M\u00e9thode L.I.B.R.E.<\/b> permettent de d\u00e9sactiver vos m\u00e9canismes de survie pour enfin cro\u00eetre int\u00e9rieurement.<\/p><\/blockquote>\t\t\t\t\t\t\t\t<\/div>\n\t\t\t\t<\/div>\n\t\t\t\t<div class=\"elementor-element elementor-element-9aba24f elementor-widget elementor-widget-text-editor\" data-id=\"9aba24f\" data-element_type=\"widget\" data-e-type=\"widget\" data-widget_type=\"text-editor.default\">\n\t\t\t\t<div class=\"elementor-widget-container\">\n\t\t\t\t\t\t\t\t\t<h2>Identifier la source de vos blocages \u00e9motionnels<\/h2><p data-path-to-node=\"5\">Le manque de confiance, l&rsquo;insomnie ou le sentiment de d\u00e9valorisation (comme le <b data-path-to-node=\"5\" data-index-in-node=\"79\">syndrome de l&rsquo;imposteur<\/b>) ne sont pas des fatalit\u00e9s, mais des signaux de vos <b data-path-to-node=\"5\" data-index-in-node=\"155\">95 % d&rsquo;inconscient<\/b>. Au travers de mes articles, je vous invite \u00e0 d\u00e9couvrir les causes profondes de vos freins actuels.<\/p><p data-path-to-node=\"6\">Qu&rsquo;ils prennent racine dans votre <b data-path-to-node=\"6\" data-index-in-node=\"34\">vie intra-ut\u00e9rine<\/b>, vos <b data-path-to-node=\"6\" data-index-in-node=\"57\">vies pass\u00e9es<\/b> ou qu&rsquo;ils soient h\u00e9rit\u00e9s de vos <b data-path-to-node=\"6\" data-index-in-node=\"102\">anc\u00eatres<\/b>, ces blocages affectent votre r\u00e9alit\u00e9 d&rsquo;aujourd&rsquo;hui. Ce blog explore notamment les <b data-path-to-node=\"6\" data-index-in-node=\"194\">cinq blessures fondamentales:<\/b><\/p><ul data-path-to-node=\"7\"><li><p data-path-to-node=\"7,0,0\"><b data-path-to-node=\"7,0,0\" data-index-in-node=\"0\">Le Rejet et l&rsquo;Abandon<\/b><\/p><\/li><li><p data-path-to-node=\"7,1,0\"><b data-path-to-node=\"7,1,0\" data-index-in-node=\"0\">L&rsquo;Humiliation<\/b><\/p><\/li><li><p data-path-to-node=\"7,2,0\"><b data-path-to-node=\"7,2,0\" data-index-in-node=\"0\">La Trahison et l&rsquo;Injustice<\/b><\/p><\/li><\/ul><p data-path-to-node=\"8\">Chaque blessure engendre des m\u00e9canismes de d\u00e9fense souvent inconscients ; comme le <b data-path-to-node=\"8\" data-index-in-node=\"83\">perfectionnisme<\/b>, la <b data-path-to-node=\"8\" data-index-in-node=\"103\">d\u00e9pendance<\/b> ou le besoin de <b data-path-to-node=\"8\" data-index-in-node=\"130\">contr\u00f4le<\/b>\u00a0qui finissent par \u00e9puiser votre syst\u00e8me nerveux.<\/p><p data-path-to-node=\"8\">\u00a0<\/p><p data-path-to-node=\"10\">Pour lib\u00e9rer ces m\u00e9moires et retrouver votre \u00e9quilibre, mon approche en Valais combine des outils puissants qui parlent directement \u00e0 votre inconscient et \u00e0 votre corps :<\/p><ul data-path-to-node=\"11\"><li><p data-path-to-node=\"11,0,0\"><b data-path-to-node=\"11,0,0\" data-index-in-node=\"0\">L&rsquo;Hypnose et la Sophrologie :<\/b> Pour apaiser le mental, r\u00e9guler le stress et acc\u00e9der aux ressources profondes de l&rsquo;esprit.<\/p><\/li><li><p data-path-to-node=\"11,1,0\"><b data-path-to-node=\"11,1,0\" data-index-in-node=\"0\">La M\u00e9thode L.I.B.R.E. :<\/b> Une approche intuitive et rapide pour identifier et lib\u00e9rer les blessures \u00e9motionnelles \u00e0 la source.<\/p><\/li><\/ul><p data-path-to-node=\"12\">Ensemble, nous travaillons \u00e0 <b data-path-to-node=\"12\" data-index-in-node=\"29\">d\u00e9sactiver vos m\u00e9canismes de survie<\/b> obsol\u00e8tes. En nettoyant ce terrain \u00e9motionnel, vous cr\u00e9ez l&rsquo;espace n\u00e9cessaire pour restaurer la valeur de soi et enfin <b data-path-to-node=\"12\" data-index-in-node=\"184\">croire en vous int\u00e9rieurement<\/b>, de mani\u00e8re profonde et durable.<\/p><p data-path-to-node=\"13\">Que ce soit \u00e0 mon cabinet \u00e0 10 minutes de <b data-path-to-node=\"13\" data-index-in-node=\"42\">Sion<\/b> ou en t\u00e9l\u00e9conf\u00e9rence, ma mission est de vous accompagner vers une libert\u00e9 int\u00e9rieure totale.<\/p>\t\t\t\t\t\t\t\t<\/div>\n\t\t\t\t<\/div>\n\t\t\t\t<div class=\"elementor-element elementor-element-49dc38c elementor-widget elementor-widget-text-editor\" data-id=\"49dc38c\" data-element_type=\"widget\" data-e-type=\"widget\" data-widget_type=\"text-editor.default\">\n\t\t\t\t<div class=\"elementor-widget-container\">\n\t\t\t\t\t\t\t\t\t<h2>Hypnose, Sophrologie et M\u00e9thode L.I.B.R.E. : Agir sur le corps et l&rsquo;esprit<\/h2>\t\t\t\t\t\t\t\t<\/div>\n\t\t\t\t<\/div>\n\t\t\t\t<div class=\"elementor-element elementor-element-a0a48fc elementor-widget elementor-widget-text-editor\" data-id=\"a0a48fc\" data-element_type=\"widget\" data-e-type=\"widget\" data-widget_type=\"text-editor.default\">\n\t\t\t\t<div class=\"elementor-widget-container\">\n\t\t\t\t\t\t\t\t\t<p data-path-to-node=\"10\">Pour lib\u00e9rer ces m\u00e9moires et retrouver votre \u00e9quilibre, mon approche en Valais combine des outils puissants qui parlent directement \u00e0 votre inconscient et \u00e0 votre corps :<\/p><ul data-path-to-node=\"11\"><li><p data-path-to-node=\"11,0,0\"><b data-path-to-node=\"11,0,0\" data-index-in-node=\"0\">L&rsquo;Hypnose et la Sophrologie :<\/b> Pour apaiser le mental, r\u00e9guler le stress et acc\u00e9der aux ressources profondes de l&rsquo;esprit.<\/p><\/li><li><p data-path-to-node=\"11,1,0\"><b data-path-to-node=\"11,1,0\" data-index-in-node=\"0\">La M\u00e9thode L.I.B.R.E. :<\/b> Une approche intuitive et rapide pour identifier et lib\u00e9rer les blessures \u00e9motionnelles \u00e0 la source.<\/p><\/li><\/ul><p data-path-to-node=\"12\">Ensemble, nous travaillons \u00e0 <b data-path-to-node=\"12\" data-index-in-node=\"29\">d\u00e9sactiver vos m\u00e9canismes de survie<\/b> obsol\u00e8tes. En nettoyant ce terrain \u00e9motionnel, vous cr\u00e9ez l&rsquo;espace n\u00e9cessaire pour restaurer la valeur de soi et enfin <b data-path-to-node=\"12\" data-index-in-node=\"184\">croire en vous int\u00e9rieurement<\/b>, de mani\u00e8re profonde et durable.<\/p><p data-path-to-node=\"13\">Que ce soit \u00e0 mon cabinet \u00e0 10 minutes de <b data-path-to-node=\"13\" data-index-in-node=\"42\">Sion<\/b> ou en t\u00e9l\u00e9conf\u00e9rence, ma mission est de vous accompagner vers une libert\u00e9 int\u00e9rieure totale.<\/p>\t\t\t\t\t\t\t\t<\/div>\n\t\t\t\t<\/div>\n\t\t\t\t<div class=\"elementor-element elementor-element-a1405ca elementor-widget elementor-widget-text-editor\" data-id=\"a1405ca\" data-element_type=\"widget\" data-e-type=\"widget\" data-widget_type=\"text-editor.default\">\n\t\t\t\t<div class=\"elementor-widget-container\">\n\t\t\t\t\t\t\t\t\t<h2>Lib\u00e9rez vos blocages \u00e9motionnels en Valais ou \u00e0 distance<\/h2>\t\t\t\t\t\t\t\t<\/div>\n\t\t\t\t<\/div>\n\t\t\t\t<section class=\"elementor-section elementor-inner-section elementor-element elementor-element-4fdebb0 elementor-section-boxed elementor-section-height-default elementor-section-height-default\" data-id=\"4fdebb0\" data-element_type=\"section\" data-e-type=\"section\">\n\t\t\t\t\t\t<div class=\"elementor-container elementor-column-gap-default\">\n\t\t\t\t\t<div class=\"elementor-column elementor-col-50 elementor-inner-column elementor-element elementor-element-c1bff07\" data-id=\"c1bff07\" data-element_type=\"column\" data-e-type=\"column\">\n\t\t\t<div class=\"elementor-widget-wrap elementor-element-populated\">\n\t\t\t\t\t\t<div class=\"elementor-element elementor-element-c1e1d0e elementor-widget elementor-widget-image\" data-id=\"c1e1d0e\" data-element_type=\"widget\" data-e-type=\"widget\" data-widget_type=\"image.default\">\n\t\t\t\t<div class=\"elementor-widget-container\">\n\t\t\t\t\t\t\t\t\t\t\t\t\t\t\t<img fetchpriority=\"high\" decoding=\"async\" width=\"300\" height=\"300\" src=\"https:\/\/hypnose-conscience.ch\/blog\/wp-content\/uploads\/2026\/03\/Bastien-Palmilha-createur-methode-libre-specialiste-sommeil-valais.png\" class=\"attachment-large size-large wp-image-829\" alt=\"Portrait de Bastien, sp\u00e9cialiste en lib\u00e9ration \u00e9motionnelle en Valais (Sion). Expert en d\u00e9sactivation des m\u00e9canismes de survie inconscients et cr\u00e9ateur de la M\u00e9thode LIBRE pour traiter l&#039;insomnie et les traumatismes.\" srcset=\"https:\/\/hypnose-conscience.ch\/blog\/wp-content\/uploads\/2026\/03\/Bastien-Palmilha-createur-methode-libre-specialiste-sommeil-valais.png 300w, https:\/\/hypnose-conscience.ch\/blog\/wp-content\/uploads\/2026\/03\/Bastien-Palmilha-createur-methode-libre-specialiste-sommeil-valais-150x150.png 150w, https:\/\/hypnose-conscience.ch\/blog\/wp-content\/uploads\/2026\/03\/Bastien-Palmilha-createur-methode-libre-specialiste-sommeil-valais-270x270.png 270w\" sizes=\"(max-width: 300px) 100vw, 300px\" \/>\t\t\t\t\t\t\t\t\t\t\t\t\t\t\t<\/div>\n\t\t\t\t<\/div>\n\t\t\t\t\t<\/div>\n\t\t<\/div>\n\t\t\t\t<div class=\"elementor-column elementor-col-50 elementor-inner-column elementor-element elementor-element-0bbd5b5\" data-id=\"0bbd5b5\" data-element_type=\"column\" data-e-type=\"column\">\n\t\t\t<div class=\"elementor-widget-wrap elementor-element-populated\">\n\t\t\t\t\t\t<div class=\"elementor-element elementor-element-1aafb6e elementor-widget elementor-widget-text-editor\" data-id=\"1aafb6e\" data-element_type=\"widget\" data-e-type=\"widget\" data-widget_type=\"text-editor.default\">\n\t\t\t\t<div class=\"elementor-widget-container\">\n\t\t\t\t\t\t\t\t\t<p data-path-to-node=\"13\">Je suis <b data-path-to-node=\"13\" data-index-in-node=\"8\">Bastien Palmilha<\/b>, th\u00e9rapeute depuis 2009, <b data-path-to-node=\"13\" data-index-in-node=\"50\">hypnoth\u00e9rapeute<\/b> et <b data-path-to-node=\"13\" data-index-in-node=\"69\">sophrologue certifi\u00e9 ASCA<\/b> en Valais. Cr\u00e9ateur de la <b data-path-to-node=\"13\" data-index-in-node=\"121\">M\u00e9thode L.I.B.R.E.<\/b>, j&rsquo;ai d\u00e9di\u00e9 ma pratique \u00e0 la compr\u00e9hension des m\u00e9canismes invisibles qui dirigent nos vies.<\/p><p data-path-to-node=\"14\">Mon r\u00f4le est de vous accompagner dans un voyage int\u00e9rieur permettant de conscientiser et d\u2019\u00e9purer ces entraves qui vous retiennent de vivre pleinement. Fort de plus de 15 ans d&rsquo;exp\u00e9rience, j&rsquo;utilise une synergie unique entre expertise th\u00e9rapeutique et lecture intuitive pour vous aider \u00e0 retrouver votre souverainet\u00e9.<\/p><p data-path-to-node=\"15\">Mon cabinet est situ\u00e9 en <b data-path-to-node=\"15\" data-index-in-node=\"25\">Valais<\/b>, \u00e0 10 minutes de <b data-path-to-node=\"15\" data-index-in-node=\"49\">Sion<\/b>, et je propose \u00e9galement des s\u00e9ances en t\u00e9l\u00e9conf\u00e9rence pour vous accompagner o\u00f9 que vous soyez.<\/p>\t\t\t\t\t\t\t\t<\/div>\n\t\t\t\t<\/div>\n\t\t\t\t\t<\/div>\n\t\t<\/div>\n\t\t\t\t\t<\/div>\n\t\t<\/section>\n\t\t\t\t\t<\/div>\n\t\t<\/div>\n\t\t\t\t\t<\/div>\n\t\t<\/section>\n\t\t\t\t<\/div>\n\t\t<div id=\"fb-like\" style=\"\"><iframe src=\"http:\/\/www.facebook.com\/plugins\/like.php?href=https:\/\/hypnose-conscience.ch\/blog\/a-propos-de-ce-blog\/&amp;layout=standard&amp;show_faces=true&amp;width=640&amp;action=like&amp;font=&amp;colorscheme=light&amp;locale=fr_FR\" scrolling=\"no\" frameborder=\"0\" allowTransparency=\"true\" style=\"border:none; overflow:hidden; width:640px; height:px\"><\/iframe><\/div>","protected":false},"excerpt":{"rendered":"<p>Entre Neurosciences et Spiritualit\u00e9 en Valais : Lib\u00e9rez vos blocages et r\u00e9v\u00e9lez votre valeur Ce blog explore l&rsquo;union entre les neurosciences et la spiritualit\u00e9 pour mettre en lumi\u00e8re la source de vos blocages (insomnie, manque de confiance, d\u00e9valorisation). D\u00e9couvrez comment&#46;&#46;&#46;<\/p>\n","protected":false},"author":1,"featured_media":0,"parent":0,"menu_order":0,"comment_status":"closed","ping_status":"closed","template":"","meta":{"om_disable_all_campaigns":false,"_monsterinsights_skip_tracking":false,"_monsterinsights_sitenote_active":false,"_monsterinsights_sitenote_note":"","_monsterinsights_sitenote_category":0,"footnotes":""},"class_list":["post-20","page","type-page","status-publish","hentry"],"aioseo_notices":[],"psp_head":"<title>Hypnose en Valais : blessures \u00e9motionnelles, m\u00e9thode LIBRE et r\u00e9gressions spirituelles \u2013 Blog Hypnose\u2011Conscience \u2013 Le blog de la Lib\u00e9ration \u00e9motionnelle<\/title>\r\n<meta name=\"description\" content=\"D\u00e9couvrez le blog Hypnose\u2011Conscience : hypnose en Valais, m\u00e9thode LIBRE, blessures \u00e9motionnelles, vies pass\u00e9es et lib\u00e9ration des blocages int\u00e9rieurs.&quot;\" \/>\r\n<meta name=\"robots\" content=\"index,follow\" \/>\r\n<link rel=\"canonical\" href=\"https:\/\/hypnose-conscience.ch\/blog\/a-propos-de-ce-blog\/\" \/>\r\n","_links":{"self":[{"href":"https:\/\/hypnose-conscience.ch\/blog\/wp-json\/wp\/v2\/pages\/20","targetHints":{"allow":["GET"]}}],"collection":[{"href":"https:\/\/hypnose-conscience.ch\/blog\/wp-json\/wp\/v2\/pages"}],"about":[{"href":"https:\/\/hypnose-conscience.ch\/blog\/wp-json\/wp\/v2\/types\/page"}],"author":[{"embeddable":true,"href":"https:\/\/hypnose-conscience.ch\/blog\/wp-json\/wp\/v2\/users\/1"}],"replies":[{"embeddable":true,"href":"https:\/\/hypnose-conscience.ch\/blog\/wp-json\/wp\/v2\/comments?post=20"}],"version-history":[{"count":9,"href":"https:\/\/hypnose-conscience.ch\/blog\/wp-json\/wp\/v2\/pages\/20\/revisions"}],"predecessor-version":[{"id":873,"href":"https:\/\/hypnose-conscience.ch\/blog\/wp-json\/wp\/v2\/pages\/20\/revisions\/873"}],"wp:attachment":[{"href":"https:\/\/hypnose-conscience.ch\/blog\/wp-json\/wp\/v2\/media?parent=20"}],"curies":[{"name":"wp","href":"https:\/\/api.w.org\/{rel}","templated":true}]}}